{"id":664,"date":"2026-04-20T19:19:22","date_gmt":"2026-04-20T18:19:22","guid":{"rendered":"https:\/\/cval.fr\/?post_type=tribe_events&#038;p=664"},"modified":"2026-04-20T19:23:41","modified_gmt":"2026-04-20T18:23:41","slug":"animation-plancton","status":"publish","type":"tribe_events","link":"https:\/\/cval.fr\/index.php\/event\/animation-plancton\/","title":{"rendered":"Animation Plancton"},"content":{"rendered":"<p>R\u00e9f\u00e9rent CVAL: Marie<\/p>\n<p>Amandine Lemercier nous propose comme l\u2019an dernier une animation au CVAL sur les habitants du lac et le plancton <b>le samedi 18 juillet de 9H30 \u00e0 12H<\/b> \u00a0en partenariat avec l\u2019association Nemeton et les animateurs Espaces Naturels Sensibles du D\u00e9partement.<\/p>\n<p>Pr\u00e9cisions \u00e0 venir sur cet \u00e9v\u00e9nement.<\/p>\n<p>www.nemeton.bio<\/p>\n<p>www.biodiversite.isere.fr<\/p>\n<p>&nbsp;<\/p>\n","protected":false},"excerpt":{"rendered":"<p>R\u00e9f\u00e9rent CVAL: Marie Amandine Lemercier nous propose comme l\u2019an dernier une animation au CVAL sur les habitants du lac et le plancton le samedi 18 juillet de 9H30 \u00e0 12H &#8230; <a title=\"Animation Plancton\" class=\"read-more\" href=\"https:\/\/cval.fr\/index.php\/event\/animation-plancton\/\" aria-label=\"En savoir plus sur Animation Plancton\">Lire la suite<\/a><\/p>\n","protected":false},"author":5,"featured_media":0,"comment_status":"closed","ping_status":"closed","template":"","meta":{"_tribe_events_status":"","_tribe_events_status_reason":"","footnotes":""},"tags":[],"tribe_events_cat":[],"class_list":["post-664","tribe_events","type-tribe_events","status-publish","hentry"],"yoast_head":"<!-- This site is optimized with the Yoast SEO plugin v27.4 - https:\/\/yoast.com\/product\/yoast-seo-wordpress\/ -->\n<title>Animation Plancton - Club de Voile et Aviron de Laffrey<\/title>\n<meta name=\"robots\" content=\"index, follow, max-snippet:-1, max-image-preview:large, max-video-preview:-1\" \/>\n<link rel=\"canonical\" href=\"https:\/\/cval.fr\/index.php\/event\/animation-plancton\/\" \/>\n<meta property=\"og:locale\" content=\"fr_FR\" \/>\n<meta property=\"og:type\" content=\"article\" \/>\n<meta property=\"og:title\" content=\"Animation Plancton - Club de Voile et Aviron de Laffrey\" \/>\n<meta property=\"og:description\" content=\"R\u00e9f\u00e9rent CVAL: Marie Amandine Lemercier nous propose comme l\u2019an dernier une animation au CVAL sur les habitants du lac et le plancton le samedi 18 juillet de 9H30 \u00e0 12H ... Lire la suite\" \/>\n<meta property=\"og:url\" content=\"https:\/\/cval.fr\/index.php\/event\/animation-plancton\/\" \/>\n<meta property=\"og:site_name\" content=\"Club de Voile et Aviron de Laffrey\" \/>\n<meta property=\"article:modified_time\" content=\"2026-04-20T18:23:41+00:00\" \/>\n<meta name=\"twitter:card\" content=\"summary_large_image\" \/>\n<meta name=\"twitter:label1\" content=\"Dur\u00e9e de lecture estim\u00e9e\" \/>\n\t<meta name=\"twitter:data1\" content=\"1 minute\" \/>\n<script type=\"application\/ld+json\" class=\"yoast-schema-graph\">{\"@context\":\"https:\\\/\\\/schema.org\",\"@graph\":[{\"@type\":\"WebPage\",\"@id\":\"https:\\\/\\\/cval.fr\\\/index.php\\\/event\\\/animation-plancton\\\/\",\"url\":\"https:\\\/\\\/cval.fr\\\/index.php\\\/event\\\/animation-plancton\\\/\",\"name\":\"Animation Plancton - Club de Voile et Aviron de Laffrey\",\"isPartOf\":{\"@id\":\"https:\\\/\\\/cval.fr\\\/#website\"},\"datePublished\":\"2026-04-20T18:19:22+00:00\",\"dateModified\":\"2026-04-20T18:23:41+00:00\",\"breadcrumb\":{\"@id\":\"https:\\\/\\\/cval.fr\\\/index.php\\\/event\\\/animation-plancton\\\/#breadcrumb\"},\"inLanguage\":\"fr-FR\",\"potentialAction\":[{\"@type\":\"ReadAction\",\"target\":[\"https:\\\/\\\/cval.fr\\\/index.php\\\/event\\\/animation-plancton\\\/\"]}]},{\"@type\":\"BreadcrumbList\",\"@id\":\"https:\\\/\\\/cval.fr\\\/index.php\\\/event\\\/animation-plancton\\\/#breadcrumb\",\"itemListElement\":[{\"@type\":\"ListItem\",\"position\":1,\"name\":\"Accueil\",\"item\":\"https:\\\/\\\/cval.fr\\\/\"},{\"@type\":\"ListItem\",\"position\":2,\"name\":\"\u00c9v\u00e8nements\",\"item\":\"https:\\\/\\\/cval.fr\\\/index.php\\\/events\\\/\"},{\"@type\":\"ListItem\",\"position\":3,\"name\":\"Animation Plancton\"}]},{\"@type\":\"WebSite\",\"@id\":\"https:\\\/\\\/cval.fr\\\/#website\",\"url\":\"https:\\\/\\\/cval.fr\\\/\",\"name\":\"Club de Voile et Aviron de Laffrey\",\"description\":\"Un petit bateau dans la t\u00eate ....\",\"potentialAction\":[{\"@type\":\"SearchAction\",\"target\":{\"@type\":\"EntryPoint\",\"urlTemplate\":\"https:\\\/\\\/cval.fr\\\/?s={search_term_string}\"},\"query-input\":{\"@type\":\"PropertyValueSpecification\",\"valueRequired\":true,\"valueName\":\"search_term_string\"}}],\"inLanguage\":\"fr-FR\"}]}<\/script>\n<!-- \/ Yoast SEO plugin. -->","yoast_head_json":{"title":"Animation Plancton - Club de Voile et Aviron de Laffrey","robots":{"index":"index","follow":"follow","max-snippet":"max-snippet:-1","max-image-preview":"max-image-preview:large","max-video-preview":"max-video-preview:-1"},"canonical":"https:\/\/cval.fr\/index.php\/event\/animation-plancton\/","og_locale":"fr_FR","og_type":"article","og_title":"Animation Plancton - Club de Voile et Aviron de Laffrey","og_description":"R\u00e9f\u00e9rent CVAL: Marie Amandine Lemercier nous propose comme l\u2019an dernier une animation au CVAL sur les habitants du lac et le plancton le samedi 18 juillet de 9H30 \u00e0 12H ... Lire la suite","og_url":"https:\/\/cval.fr\/index.php\/event\/animation-plancton\/","og_site_name":"Club de Voile et Aviron de Laffrey","article_modified_time":"2026-04-20T18:23:41+00:00","twitter_card":"summary_large_image","twitter_misc":{"Dur\u00e9e de lecture estim\u00e9e":"1 minute"},"schema":{"@context":"https:\/\/schema.org","@graph":[{"@type":"WebPage","@id":"https:\/\/cval.fr\/index.php\/event\/animation-plancton\/","url":"https:\/\/cval.fr\/index.php\/event\/animation-plancton\/","name":"Animation Plancton - Club de Voile et Aviron de Laffrey","isPartOf":{"@id":"https:\/\/cval.fr\/#website"},"datePublished":"2026-04-20T18:19:22+00:00","dateModified":"2026-04-20T18:23:41+00:00","breadcrumb":{"@id":"https:\/\/cval.fr\/index.php\/event\/animation-plancton\/#breadcrumb"},"inLanguage":"fr-FR","potentialAction":[{"@type":"ReadAction","target":["https:\/\/cval.fr\/index.php\/event\/animation-plancton\/"]}]},{"@type":"BreadcrumbList","@id":"https:\/\/cval.fr\/index.php\/event\/animation-plancton\/#breadcrumb","itemListElement":[{"@type":"ListItem","position":1,"name":"Accueil","item":"https:\/\/cval.fr\/"},{"@type":"ListItem","position":2,"name":"\u00c9v\u00e8nements","item":"https:\/\/cval.fr\/index.php\/events\/"},{"@type":"ListItem","position":3,"name":"Animation Plancton"}]},{"@type":"WebSite","@id":"https:\/\/cval.fr\/#website","url":"https:\/\/cval.fr\/","name":"Club de Voile et Aviron de Laffrey","description":"Un petit bateau dans la t\u00eate ....","potentialAction":[{"@type":"SearchAction","target":{"@type":"EntryPoint","urlTemplate":"https:\/\/cval.fr\/?s={search_term_string}"},"query-input":{"@type":"PropertyValueSpecification","valueRequired":true,"valueName":"search_term_string"}}],"inLanguage":"fr-FR"}]}},"_links":{"self":[{"href":"https:\/\/cval.fr\/index.php\/wp-json\/wp\/v2\/tribe_events\/664","targetHints":{"allow":["GET"]}}],"collection":[{"href":"https:\/\/cval.fr\/index.php\/wp-json\/wp\/v2\/tribe_events"}],"about":[{"href":"https:\/\/cval.fr\/index.php\/wp-json\/wp\/v2\/types\/tribe_events"}],"author":[{"embeddable":true,"href":"https:\/\/cval.fr\/index.php\/wp-json\/wp\/v2\/users\/5"}],"replies":[{"embeddable":true,"href":"https:\/\/cval.fr\/index.php\/wp-json\/wp\/v2\/comments?post=664"}],"version-history":[{"count":4,"href":"https:\/\/cval.fr\/index.php\/wp-json\/wp\/v2\/tribe_events\/664\/revisions"}],"predecessor-version":[{"id":668,"href":"https:\/\/cval.fr\/index.php\/wp-json\/wp\/v2\/tribe_events\/664\/revisions\/668"}],"wp:attachment":[{"href":"https:\/\/cval.fr\/index.php\/wp-json\/wp\/v2\/media?parent=664"}],"wp:term":[{"taxonomy":"post_tag","embeddable":true,"href":"https:\/\/cval.fr\/index.php\/wp-json\/wp\/v2\/tags?post=664"},{"taxonomy":"tribe_events_cat","embeddable":true,"href":"https:\/\/cval.fr\/index.php\/wp-json\/wp\/v2\/tribe_events_cat?post=664"}],"curies":[{"name":"wp","href":"https:\/\/api.w.org\/{rel}","templated":true}]}}

<p>Référent CVAL: Marie</p>
<p>Amandine Lemercier nous propose comme l’an dernier une animation au CVAL sur les habitants du lac et le plancton <b>le samedi 18 juillet de 9H30 à 12H</b>  en partenariat avec l’association Nemeton et les animateurs Espaces Naturels Sensibles du Département.</p>
<p>Précisions à venir sur cet événement.</p>
<p>www.nemeton.bio</p>
<p>www.biodiversite.isere.fr</p>
<p>&nbsp;</p>

<p>Référent CVAL: Marie Amandine Lemercier nous propose comme l’an dernier une animation au CVAL sur les habitants du lac et le plancton le samedi 18 juillet de 9H30 à 12H &#8230; <a title="Animation Plancton" class="read-more" href="https://cval.fr/index.php/event/animation-plancton/" aria-label="En savoir plus sur Animation Plancton">Lire la suite</a></p>

<!-- This site is optimized with the Yoast SEO plugin v27.4 - https://yoast.com/product/yoast-seo-wordpress/ -->
<title>Animation Plancton - Club de Voile et Aviron de Laffrey</title>
<meta name="robots" content="index, follow, max-snippet:-1, max-image-preview:large, max-video-preview:-1" />
<link rel="canonical" href="https://cval.fr/index.php/event/animation-plancton/" />
<meta property="og:locale" content="fr_FR" />
<meta property="og:type" content="article" />
<meta property="og:title" content="Animation Plancton - Club de Voile et Aviron de Laffrey" />
<meta property="og:description" content="Référent CVAL: Marie Amandine Lemercier nous propose comme l’an dernier une animation au CVAL sur les habitants du lac et le plancton le samedi 18 juillet de 9H30 à 12H ... Lire la suite" />
<meta property="og:url" content="https://cval.fr/index.php/event/animation-plancton/" />
<meta property="og:site_name" content="Club de Voile et Aviron de Laffrey" />
<meta property="article:modified_time" content="2026-04-20T18:23:41+00:00" />
<meta name="twitter:card" content="summary_large_image" />
<meta name="twitter:label1" content="Durée de lecture estimée" />
	<meta name="twitter:data1" content="1 minute" />
<script type="application/ld+json" class="yoast-schema-graph">{"@context":"https:\/\/schema.org","@graph":[{"@type":"WebPage","@id":"https:\/\/cval.fr\/index.php\/event\/animation-plancton\/","url":"https:\/\/cval.fr\/index.php\/event\/animation-plancton\/","name":"Animation Plancton - Club de Voile et Aviron de Laffrey","isPartOf":{"@id":"https:\/\/cval.fr\/#website"},"datePublished":"2026-04-20T18:19:22+00:00","dateModified":"2026-04-20T18:23:41+00:00","breadcrumb":{"@id":"https:\/\/cval.fr\/index.php\/event\/animation-plancton\/#breadcrumb"},"inLanguage":"fr-FR","potentialAction":[{"@type":"ReadAction","target":["https:\/\/cval.fr\/index.php\/event\/animation-plancton\/"]}]},{"@type":"BreadcrumbList","@id":"https:\/\/cval.fr\/index.php\/event\/animation-plancton\/#breadcrumb","itemListElement":[{"@type":"ListItem","position":1,"name":"Accueil","item":"https:\/\/cval.fr\/"},{"@type":"ListItem","position":2,"name":"Évènements","item":"https:\/\/cval.fr\/index.php\/events\/"},{"@type":"ListItem","position":3,"name":"Animation Plancton"}]},{"@type":"WebSite","@id":"https:\/\/cval.fr\/#website","url":"https:\/\/cval.fr\/","name":"Club de Voile et Aviron de Laffrey","description":"Un petit bateau dans la tête ....","potentialAction":[{"@type":"SearchAction","target":{"@type":"EntryPoint","urlTemplate":"https:\/\/cval.fr\/?s={search_term_string}"},"query-input":{"@type":"PropertyValueSpecification","valueRequired":true,"valueName":"search_term_string"}}],"inLanguage":"fr-FR"}]}</script>
<!-- / Yoast SEO plugin. -->

Référent CVAL: Marie Amandine Lemercier nous propose comme l’an dernier une animation au CVAL sur les habitants du lac et le plancton le samedi 18 juillet de 9H30 à 12H ... Lire la suite

Évènements

Un petit bateau dans la tête ....
