{"id":622,"date":"2025-10-04T18:11:36","date_gmt":"2025-10-04T17:11:36","guid":{"rendered":"https:\/\/cval.fr\/?post_type=tribe_events&#038;p=622"},"modified":"2025-10-27T16:28:46","modified_gmt":"2025-10-27T15:28:46","slug":"ag-cval-saison-2025","status":"publish","type":"tribe_events","link":"https:\/\/cval.fr\/index.php\/event\/ag-cval-saison-2025\/","title":{"rendered":"AG CVAL Saison 2025 Salle Polyvalente de Laffrey"},"content":{"rendered":"<div id=\":12l\" class=\"ii gt\">\n<div id=\":uh\" class=\"a3s aiL\">\n<div>\n<div>\n<div>\n<div id=\"m_3655531022190713595ydpe3c23eacyiv1807182348\">\n<div>\n<div dir=\"ltr\">\n<div>\n<p>Merci de r\u00e9server sur votre agenda la date du 30\/11\/25<\/p>\n<p><b>Assembl\u00e9e g\u00e9n\u00e9rale du CVAL qui aura lieu Dimanche 30\/11\/2025 entre 10h00 et 12h00 dans la salle polyvalente de Laffrey. <\/b><\/p>\n<p>Nous vous proposons d\u2019arriver<strong> vers 9h30<\/strong> pour partager un caf\u00e9 ensemble avant l\u2019AG.<\/p>\n<p><b>\u00a0Cette information vaut invitation conform\u00e9ment \u00e0 nos statuts.<\/b><\/p>\n<p><strong>ORDRE DU JOUR:<\/strong><\/p>\n<p>Le Mot de la Mairie de Laffrey (non confirm\u00e9)<\/p>\n<p>Bilan Moral par notre Pr\u00e9sident Gilles<br \/>\nBilan Financier par Manue<br \/>\nVote des Tarifs CVAL SAISON 2026<br \/>\nBudget Pr\u00e9visionnel des Achats, discussion et inscription au compte rendu Pr\u00e9visionnel.<br \/>\nPuis dans l&#8217;ordre:<\/p>\n<p>Vote de Renouvellement du CA<br \/>\nVote de Renouvellement du Bureau par le CA<br \/>\nQuestions Diverses<\/p>\n<p>En cas d\u2019absence \u00e0 l\u2019AG, vous avez la possibilit\u00e9 de participer au vote en r\u00e9digeant un \u00ab\u00a0Pouvoir de repr\u00e9sentation\u00a0\u00bb.<\/p>\n<p>Voir mod\u00e8le en pi\u00e8ce jointe des communications du CLUB<\/p>\n<p>Ce document doit \u00eatre pr\u00e9sent\u00e9 au plus tard \u00e0 l\u2019AG. Seules les personnes pr\u00e9sentes ou munis d\u2019un pouvoir de pr\u00e9sentation peuvent voter. Pas de vote en non pr\u00e9sentiel.<\/p>\n<\/div>\n<div class=\"adL\" dir=\"ltr\">\n<div><\/div>\n<\/div>\n<div id=\"m_3655531022190713595ydpe3c23eacyiv1807182348yqt99990\" class=\"adL\">\n<div id=\"m_3655531022190713595ydpe3c23eacyiv1807182348ydp22933259yahoo_quoted_1583961912\">\n<div>\n<div>\n<div id=\"m_3655531022190713595ydpe3c23eacyiv1807182348ydp22933259yiv7101020461\">\n<div>\n<div>\n<div id=\"m_3655531022190713595ydpe3c23eacyiv1807182348ydp22933259yiv7101020461ydpb94b4621yahoo_quoted_1162794216\">\n<div><\/div>\n<\/div>\n<\/div>\n<\/div>\n<\/div>\n<\/div>\n<\/div>\n<\/div>\n<\/div>\n<\/div>\n<\/div>\n<\/div>\n<\/div>\n<\/div>\n<\/div>\n<\/div>\n<\/div>\n<div id=\":z8\" class=\"hq gt\"><\/div>\n","protected":false},"excerpt":{"rendered":"<p>Merci de r\u00e9server sur votre agenda la date du 30\/11\/25 Assembl\u00e9e g\u00e9n\u00e9rale du CVAL qui aura lieu Dimanche 30\/11\/2025 entre 10h00 et 12h00 dans la salle polyvalente de Laffrey. Nous &#8230; <a title=\"AG CVAL Saison 2025 Salle Polyvalente de Laffrey\" class=\"read-more\" href=\"https:\/\/cval.fr\/index.php\/event\/ag-cval-saison-2025\/\" aria-label=\"En savoir plus sur AG CVAL Saison 2025 Salle Polyvalente de Laffrey\">Lire la suite<\/a><\/p>\n","protected":false},"author":6,"featured_media":0,"comment_status":"closed","ping_status":"closed","template":"","meta":{"_tribe_events_status":"","_tribe_events_status_reason":"","footnotes":""},"tags":[],"tribe_events_cat":[],"class_list":["post-622","tribe_events","type-tribe_events","status-publish","hentry"],"yoast_head":"<!-- This site is optimized with the Yoast SEO plugin v27.4 - https:\/\/yoast.com\/product\/yoast-seo-wordpress\/ -->\n<title>AG CVAL Saison 2025 Salle Polyvalente de Laffrey - Club de Voile et Aviron de Laffrey<\/title>\n<meta name=\"robots\" content=\"index, follow, max-snippet:-1, max-image-preview:large, max-video-preview:-1\" \/>\n<link rel=\"canonical\" href=\"https:\/\/cval.fr\/index.php\/event\/ag-cval-saison-2025\/\" \/>\n<meta property=\"og:locale\" content=\"fr_FR\" \/>\n<meta property=\"og:type\" content=\"article\" \/>\n<meta property=\"og:title\" content=\"AG CVAL Saison 2025 Salle Polyvalente de Laffrey - Club de Voile et Aviron de Laffrey\" \/>\n<meta property=\"og:description\" content=\"Merci de r\u00e9server sur votre agenda la date du 30\/11\/25 Assembl\u00e9e g\u00e9n\u00e9rale du CVAL qui aura lieu Dimanche 30\/11\/2025 entre 10h00 et 12h00 dans la salle polyvalente de Laffrey. Nous ... Lire la suite\" \/>\n<meta property=\"og:url\" content=\"https:\/\/cval.fr\/index.php\/event\/ag-cval-saison-2025\/\" \/>\n<meta property=\"og:site_name\" content=\"Club de Voile et Aviron de Laffrey\" \/>\n<meta property=\"article:modified_time\" content=\"2025-10-27T15:28:46+00:00\" \/>\n<meta name=\"twitter:card\" content=\"summary_large_image\" \/>\n<meta name=\"twitter:label1\" content=\"Dur\u00e9e de lecture estim\u00e9e\" \/>\n\t<meta name=\"twitter:data1\" content=\"1 minute\" \/>\n<script type=\"application\/ld+json\" class=\"yoast-schema-graph\">{\"@context\":\"https:\\\/\\\/schema.org\",\"@graph\":[{\"@type\":\"WebPage\",\"@id\":\"https:\\\/\\\/cval.fr\\\/index.php\\\/event\\\/ag-cval-saison-2025\\\/\",\"url\":\"https:\\\/\\\/cval.fr\\\/index.php\\\/event\\\/ag-cval-saison-2025\\\/\",\"name\":\"AG CVAL Saison 2025 Salle Polyvalente de Laffrey - Club de Voile et Aviron de Laffrey\",\"isPartOf\":{\"@id\":\"https:\\\/\\\/cval.fr\\\/#website\"},\"datePublished\":\"2025-10-04T17:11:36+00:00\",\"dateModified\":\"2025-10-27T15:28:46+00:00\",\"breadcrumb\":{\"@id\":\"https:\\\/\\\/cval.fr\\\/index.php\\\/event\\\/ag-cval-saison-2025\\\/#breadcrumb\"},\"inLanguage\":\"fr-FR\",\"potentialAction\":[{\"@type\":\"ReadAction\",\"target\":[\"https:\\\/\\\/cval.fr\\\/index.php\\\/event\\\/ag-cval-saison-2025\\\/\"]}]},{\"@type\":\"BreadcrumbList\",\"@id\":\"https:\\\/\\\/cval.fr\\\/index.php\\\/event\\\/ag-cval-saison-2025\\\/#breadcrumb\",\"itemListElement\":[{\"@type\":\"ListItem\",\"position\":1,\"name\":\"Accueil\",\"item\":\"https:\\\/\\\/cval.fr\\\/\"},{\"@type\":\"ListItem\",\"position\":2,\"name\":\"\u00c9v\u00e8nements\",\"item\":\"https:\\\/\\\/cval.fr\\\/index.php\\\/events\\\/\"},{\"@type\":\"ListItem\",\"position\":3,\"name\":\"AG CVAL Saison 2025 Salle Polyvalente de Laffrey\"}]},{\"@type\":\"WebSite\",\"@id\":\"https:\\\/\\\/cval.fr\\\/#website\",\"url\":\"https:\\\/\\\/cval.fr\\\/\",\"name\":\"Club de Voile et Aviron de Laffrey\",\"description\":\"Un petit bateau dans la t\u00eate ....\",\"potentialAction\":[{\"@type\":\"SearchAction\",\"target\":{\"@type\":\"EntryPoint\",\"urlTemplate\":\"https:\\\/\\\/cval.fr\\\/?s={search_term_string}\"},\"query-input\":{\"@type\":\"PropertyValueSpecification\",\"valueRequired\":true,\"valueName\":\"search_term_string\"}}],\"inLanguage\":\"fr-FR\"}]}<\/script>\n<!-- \/ Yoast SEO plugin. -->","yoast_head_json":{"title":"AG CVAL Saison 2025 Salle Polyvalente de Laffrey - Club de Voile et Aviron de Laffrey","robots":{"index":"index","follow":"follow","max-snippet":"max-snippet:-1","max-image-preview":"max-image-preview:large","max-video-preview":"max-video-preview:-1"},"canonical":"https:\/\/cval.fr\/index.php\/event\/ag-cval-saison-2025\/","og_locale":"fr_FR","og_type":"article","og_title":"AG CVAL Saison 2025 Salle Polyvalente de Laffrey - Club de Voile et Aviron de Laffrey","og_description":"Merci de r\u00e9server sur votre agenda la date du 30\/11\/25 Assembl\u00e9e g\u00e9n\u00e9rale du CVAL qui aura lieu Dimanche 30\/11\/2025 entre 10h00 et 12h00 dans la salle polyvalente de Laffrey. Nous ... Lire la suite","og_url":"https:\/\/cval.fr\/index.php\/event\/ag-cval-saison-2025\/","og_site_name":"Club de Voile et Aviron de Laffrey","article_modified_time":"2025-10-27T15:28:46+00:00","twitter_card":"summary_large_image","twitter_misc":{"Dur\u00e9e de lecture estim\u00e9e":"1 minute"},"schema":{"@context":"https:\/\/schema.org","@graph":[{"@type":"WebPage","@id":"https:\/\/cval.fr\/index.php\/event\/ag-cval-saison-2025\/","url":"https:\/\/cval.fr\/index.php\/event\/ag-cval-saison-2025\/","name":"AG CVAL Saison 2025 Salle Polyvalente de Laffrey - Club de Voile et Aviron de Laffrey","isPartOf":{"@id":"https:\/\/cval.fr\/#website"},"datePublished":"2025-10-04T17:11:36+00:00","dateModified":"2025-10-27T15:28:46+00:00","breadcrumb":{"@id":"https:\/\/cval.fr\/index.php\/event\/ag-cval-saison-2025\/#breadcrumb"},"inLanguage":"fr-FR","potentialAction":[{"@type":"ReadAction","target":["https:\/\/cval.fr\/index.php\/event\/ag-cval-saison-2025\/"]}]},{"@type":"BreadcrumbList","@id":"https:\/\/cval.fr\/index.php\/event\/ag-cval-saison-2025\/#breadcrumb","itemListElement":[{"@type":"ListItem","position":1,"name":"Accueil","item":"https:\/\/cval.fr\/"},{"@type":"ListItem","position":2,"name":"\u00c9v\u00e8nements","item":"https:\/\/cval.fr\/index.php\/events\/"},{"@type":"ListItem","position":3,"name":"AG CVAL Saison 2025 Salle Polyvalente de Laffrey"}]},{"@type":"WebSite","@id":"https:\/\/cval.fr\/#website","url":"https:\/\/cval.fr\/","name":"Club de Voile et Aviron de Laffrey","description":"Un petit bateau dans la t\u00eate ....","potentialAction":[{"@type":"SearchAction","target":{"@type":"EntryPoint","urlTemplate":"https:\/\/cval.fr\/?s={search_term_string}"},"query-input":{"@type":"PropertyValueSpecification","valueRequired":true,"valueName":"search_term_string"}}],"inLanguage":"fr-FR"}]}},"_links":{"self":[{"href":"https:\/\/cval.fr\/index.php\/wp-json\/wp\/v2\/tribe_events\/622","targetHints":{"allow":["GET"]}}],"collection":[{"href":"https:\/\/cval.fr\/index.php\/wp-json\/wp\/v2\/tribe_events"}],"about":[{"href":"https:\/\/cval.fr\/index.php\/wp-json\/wp\/v2\/types\/tribe_events"}],"author":[{"embeddable":true,"href":"https:\/\/cval.fr\/index.php\/wp-json\/wp\/v2\/users\/6"}],"replies":[{"embeddable":true,"href":"https:\/\/cval.fr\/index.php\/wp-json\/wp\/v2\/comments?post=622"}],"version-history":[{"count":3,"href":"https:\/\/cval.fr\/index.php\/wp-json\/wp\/v2\/tribe_events\/622\/revisions"}],"predecessor-version":[{"id":627,"href":"https:\/\/cval.fr\/index.php\/wp-json\/wp\/v2\/tribe_events\/622\/revisions\/627"}],"wp:attachment":[{"href":"https:\/\/cval.fr\/index.php\/wp-json\/wp\/v2\/media?parent=622"}],"wp:term":[{"taxonomy":"post_tag","embeddable":true,"href":"https:\/\/cval.fr\/index.php\/wp-json\/wp\/v2\/tags?post=622"},{"taxonomy":"tribe_events_cat","embeddable":true,"href":"https:\/\/cval.fr\/index.php\/wp-json\/wp\/v2\/tribe_events_cat?post=622"}],"curies":[{"name":"wp","href":"https:\/\/api.w.org\/{rel}","templated":true}]}}

<div id=":12l" class="ii gt">
<div id=":uh" class="a3s aiL">
<div>
<div>
<div>
<div id="m_3655531022190713595ydpe3c23eacyiv1807182348">
<div>
<div dir="ltr">
<div>
<p>Merci de réserver sur votre agenda la date du 30/11/25</p>
<p><b>Assemblée générale du CVAL qui aura lieu Dimanche 30/11/2025 entre 10h00 et 12h00 dans la salle polyvalente de Laffrey. </b></p>
<p>Nous vous proposons d’arriver<strong> vers 9h30</strong> pour partager un café ensemble avant l’AG.</p>
<p><b> Cette information vaut invitation conformément à nos statuts.</b></p>
<p><strong>ORDRE DU JOUR:</strong></p>
<p>Le Mot de la Mairie de Laffrey (non confirmé)</p>
<p>Bilan Moral par notre Président Gilles<br />
Bilan Financier par Manue<br />
Vote des Tarifs CVAL SAISON 2026<br />
Budget Prévisionnel des Achats, discussion et inscription au compte rendu Prévisionnel.<br />
Puis dans l&#8217;ordre:</p>
<p>Vote de Renouvellement du CA<br />
Vote de Renouvellement du Bureau par le CA<br />
Questions Diverses</p>
<p>En cas d’absence à l’AG, vous avez la possibilité de participer au vote en rédigeant un « Pouvoir de représentation ».</p>
<p>Voir modèle en pièce jointe des communications du CLUB</p>
<p>Ce document doit être présenté au plus tard à l’AG. Seules les personnes présentes ou munis d’un pouvoir de présentation peuvent voter. Pas de vote en non présentiel.</p>
</div>
<div class="adL" dir="ltr">
<div></div>
</div>
<div id="m_3655531022190713595ydpe3c23eacyiv1807182348yqt99990" class="adL">
<div id="m_3655531022190713595ydpe3c23eacyiv1807182348ydp22933259yahoo_quoted_1583961912">
<div>
<div>
<div id="m_3655531022190713595ydpe3c23eacyiv1807182348ydp22933259yiv7101020461">
<div>
<div>
<div id="m_3655531022190713595ydpe3c23eacyiv1807182348ydp22933259yiv7101020461ydpb94b4621yahoo_quoted_1162794216">
<div></div>
</div>
</div>
</div>
</div>
</div>
</div>
</div>
</div>
</div>
</div>
</div>
</div>
</div>
</div>
</div>
</div>
<div id=":z8" class="hq gt"></div>

<p>Merci de réserver sur votre agenda la date du 30/11/25 Assemblée générale du CVAL qui aura lieu Dimanche 30/11/2025 entre 10h00 et 12h00 dans la salle polyvalente de Laffrey. Nous &#8230; <a title="AG CVAL Saison 2025 Salle Polyvalente de Laffrey" class="read-more" href="https://cval.fr/index.php/event/ag-cval-saison-2025/" aria-label="En savoir plus sur AG CVAL Saison 2025 Salle Polyvalente de Laffrey">Lire la suite</a></p>

<!-- This site is optimized with the Yoast SEO plugin v27.4 - https://yoast.com/product/yoast-seo-wordpress/ -->
<title>AG CVAL Saison 2025 Salle Polyvalente de Laffrey - Club de Voile et Aviron de Laffrey</title>
<meta name="robots" content="index, follow, max-snippet:-1, max-image-preview:large, max-video-preview:-1" />
<link rel="canonical" href="https://cval.fr/index.php/event/ag-cval-saison-2025/" />
<meta property="og:locale" content="fr_FR" />
<meta property="og:type" content="article" />
<meta property="og:title" content="AG CVAL Saison 2025 Salle Polyvalente de Laffrey - Club de Voile et Aviron de Laffrey" />
<meta property="og:description" content="Merci de réserver sur votre agenda la date du 30/11/25 Assemblée générale du CVAL qui aura lieu Dimanche 30/11/2025 entre 10h00 et 12h00 dans la salle polyvalente de Laffrey. Nous ... Lire la suite" />
<meta property="og:url" content="https://cval.fr/index.php/event/ag-cval-saison-2025/" />
<meta property="og:site_name" content="Club de Voile et Aviron de Laffrey" />
<meta property="article:modified_time" content="2025-10-27T15:28:46+00:00" />
<meta name="twitter:card" content="summary_large_image" />
<meta name="twitter:label1" content="Durée de lecture estimée" />
	<meta name="twitter:data1" content="1 minute" />
<script type="application/ld+json" class="yoast-schema-graph">{"@context":"https:\/\/schema.org","@graph":[{"@type":"WebPage","@id":"https:\/\/cval.fr\/index.php\/event\/ag-cval-saison-2025\/","url":"https:\/\/cval.fr\/index.php\/event\/ag-cval-saison-2025\/","name":"AG CVAL Saison 2025 Salle Polyvalente de Laffrey - Club de Voile et Aviron de Laffrey","isPartOf":{"@id":"https:\/\/cval.fr\/#website"},"datePublished":"2025-10-04T17:11:36+00:00","dateModified":"2025-10-27T15:28:46+00:00","breadcrumb":{"@id":"https:\/\/cval.fr\/index.php\/event\/ag-cval-saison-2025\/#breadcrumb"},"inLanguage":"fr-FR","potentialAction":[{"@type":"ReadAction","target":["https:\/\/cval.fr\/index.php\/event\/ag-cval-saison-2025\/"]}]},{"@type":"BreadcrumbList","@id":"https:\/\/cval.fr\/index.php\/event\/ag-cval-saison-2025\/#breadcrumb","itemListElement":[{"@type":"ListItem","position":1,"name":"Accueil","item":"https:\/\/cval.fr\/"},{"@type":"ListItem","position":2,"name":"Évènements","item":"https:\/\/cval.fr\/index.php\/events\/"},{"@type":"ListItem","position":3,"name":"AG CVAL Saison 2025 Salle Polyvalente de Laffrey"}]},{"@type":"WebSite","@id":"https:\/\/cval.fr\/#website","url":"https:\/\/cval.fr\/","name":"Club de Voile et Aviron de Laffrey","description":"Un petit bateau dans la tête ....","potentialAction":[{"@type":"SearchAction","target":{"@type":"EntryPoint","urlTemplate":"https:\/\/cval.fr\/?s={search_term_string}"},"query-input":{"@type":"PropertyValueSpecification","valueRequired":true,"valueName":"search_term_string"}}],"inLanguage":"fr-FR"}]}</script>
<!-- / Yoast SEO plugin. -->

Merci de réserver sur votre agenda la date du 30/11/25 Assemblée générale du CVAL qui aura lieu Dimanche 30/11/2025 entre 10h00 et 12h00 dans la salle polyvalente de Laffrey. Nous ... Lire la suite

Évènements

Un petit bateau dans la tête ....
