{"id":620,"date":"2025-10-04T18:09:15","date_gmt":"2025-10-04T17:09:15","guid":{"rendered":"https:\/\/cval.fr\/?post_type=tribe_events&#038;p=620"},"modified":"2025-10-30T09:58:02","modified_gmt":"2025-10-30T08:58:02","slug":"reunion-du-ca-cval-preparation-des-budgets-pour-ag-saison-2025","status":"publish","type":"tribe_events","link":"https:\/\/cval.fr\/index.php\/event\/reunion-du-ca-cval-preparation-des-budgets-pour-ag-saison-2025\/","title":{"rendered":"R\u00e9union du CA CVAL pr\u00e9paration des budgets pour AG Saison 2025"},"content":{"rendered":"<div dir=\"ltr\">\n<div dir=\"ltr\">Pour rappel les membres de CA sont\u00a0 : R\u00e9jean, Fred, Christine, Gilles, r\u00e9gis, Hubert, Bruno, Nathalie, Emmanuelle, Julien, Vincent, Marie, Ang\u00e9lique, Jean-Michel.<\/div>\n<div dir=\"ltr\"><\/div>\n<div dir=\"ltr\">\n<div>\n<p>Ci-dessous l\u2019ordre du jour pour la r\u00e9union du CA<\/p>\n<p>Bilan de saison\u00a0:<\/p>\n<ul>\n<li>financier<\/li>\n<li>humain<\/li>\n<li>perspectives.<\/li>\n<\/ul>\n<p>Pr\u00e9paration de l\u2019AG\u00a0: Essentiellement le budget.<\/p>\n<p>La r\u00e9union est pr\u00e9vue avant l\u2019hivernage de la base qui se tient le m\u00eame Jour<\/p>\n<\/div>\n<\/div>\n<\/div>\n","protected":false},"excerpt":{"rendered":"<p>Pour rappel les membres de CA sont\u00a0 : R\u00e9jean, Fred, Christine, Gilles, r\u00e9gis, Hubert, Bruno, Nathalie, Emmanuelle, Julien, Vincent, Marie, Ang\u00e9lique, Jean-Michel. Ci-dessous l\u2019ordre du jour pour la r\u00e9union du &#8230; <a title=\"R\u00e9union du CA CVAL pr\u00e9paration des budgets pour AG Saison 2025\" class=\"read-more\" href=\"https:\/\/cval.fr\/index.php\/event\/reunion-du-ca-cval-preparation-des-budgets-pour-ag-saison-2025\/\" aria-label=\"En savoir plus sur R\u00e9union du CA CVAL pr\u00e9paration des budgets pour AG Saison 2025\">Lire la suite<\/a><\/p>\n","protected":false},"author":17,"featured_media":0,"comment_status":"closed","ping_status":"closed","template":"","meta":{"_tribe_events_status":"","_tribe_events_status_reason":"","footnotes":""},"tags":[],"tribe_events_cat":[],"class_list":["post-620","tribe_events","type-tribe_events","status-publish","hentry"],"yoast_head":"<!-- This site is optimized with the Yoast SEO plugin v27.4 - https:\/\/yoast.com\/product\/yoast-seo-wordpress\/ -->\n<title>R\u00e9union du CA CVAL pr\u00e9paration des budgets pour AG Saison 2025 - Club de Voile et Aviron de Laffrey<\/title>\n<meta name=\"robots\" content=\"index, follow, max-snippet:-1, max-image-preview:large, max-video-preview:-1\" \/>\n<link rel=\"canonical\" href=\"https:\/\/cval.fr\/index.php\/event\/reunion-du-ca-cval-preparation-des-budgets-pour-ag-saison-2025\/\" \/>\n<meta property=\"og:locale\" content=\"fr_FR\" \/>\n<meta property=\"og:type\" content=\"article\" \/>\n<meta property=\"og:title\" content=\"R\u00e9union du CA CVAL pr\u00e9paration des budgets pour AG Saison 2025 - Club de Voile et Aviron de Laffrey\" \/>\n<meta property=\"og:description\" content=\"Pour rappel les membres de CA sont\u00a0 : R\u00e9jean, Fred, Christine, Gilles, r\u00e9gis, Hubert, Bruno, Nathalie, Emmanuelle, Julien, Vincent, Marie, Ang\u00e9lique, Jean-Michel. Ci-dessous l\u2019ordre du jour pour la r\u00e9union du ... Lire la suite\" \/>\n<meta property=\"og:url\" content=\"https:\/\/cval.fr\/index.php\/event\/reunion-du-ca-cval-preparation-des-budgets-pour-ag-saison-2025\/\" \/>\n<meta property=\"og:site_name\" content=\"Club de Voile et Aviron de Laffrey\" \/>\n<meta property=\"article:modified_time\" content=\"2025-10-30T08:58:02+00:00\" \/>\n<meta name=\"twitter:card\" content=\"summary_large_image\" \/>\n<meta name=\"twitter:label1\" content=\"Dur\u00e9e de lecture estim\u00e9e\" \/>\n\t<meta name=\"twitter:data1\" content=\"1 minute\" \/>\n<script type=\"application\/ld+json\" class=\"yoast-schema-graph\">{\"@context\":\"https:\\\/\\\/schema.org\",\"@graph\":[{\"@type\":\"WebPage\",\"@id\":\"https:\\\/\\\/cval.fr\\\/index.php\\\/event\\\/reunion-du-ca-cval-preparation-des-budgets-pour-ag-saison-2025\\\/\",\"url\":\"https:\\\/\\\/cval.fr\\\/index.php\\\/event\\\/reunion-du-ca-cval-preparation-des-budgets-pour-ag-saison-2025\\\/\",\"name\":\"R\u00e9union du CA CVAL pr\u00e9paration des budgets pour AG Saison 2025 - Club de Voile et Aviron de Laffrey\",\"isPartOf\":{\"@id\":\"https:\\\/\\\/cval.fr\\\/#website\"},\"datePublished\":\"2025-10-04T17:09:15+00:00\",\"dateModified\":\"2025-10-30T08:58:02+00:00\",\"breadcrumb\":{\"@id\":\"https:\\\/\\\/cval.fr\\\/index.php\\\/event\\\/reunion-du-ca-cval-preparation-des-budgets-pour-ag-saison-2025\\\/#breadcrumb\"},\"inLanguage\":\"fr-FR\",\"potentialAction\":[{\"@type\":\"ReadAction\",\"target\":[\"https:\\\/\\\/cval.fr\\\/index.php\\\/event\\\/reunion-du-ca-cval-preparation-des-budgets-pour-ag-saison-2025\\\/\"]}]},{\"@type\":\"BreadcrumbList\",\"@id\":\"https:\\\/\\\/cval.fr\\\/index.php\\\/event\\\/reunion-du-ca-cval-preparation-des-budgets-pour-ag-saison-2025\\\/#breadcrumb\",\"itemListElement\":[{\"@type\":\"ListItem\",\"position\":1,\"name\":\"Accueil\",\"item\":\"https:\\\/\\\/cval.fr\\\/\"},{\"@type\":\"ListItem\",\"position\":2,\"name\":\"\u00c9v\u00e8nements\",\"item\":\"https:\\\/\\\/cval.fr\\\/index.php\\\/events\\\/\"},{\"@type\":\"ListItem\",\"position\":3,\"name\":\"R\u00e9union du CA CVAL pr\u00e9paration des budgets pour AG Saison 2025\"}]},{\"@type\":\"WebSite\",\"@id\":\"https:\\\/\\\/cval.fr\\\/#website\",\"url\":\"https:\\\/\\\/cval.fr\\\/\",\"name\":\"Club de Voile et Aviron de Laffrey\",\"description\":\"Un petit bateau dans la t\u00eate ....\",\"potentialAction\":[{\"@type\":\"SearchAction\",\"target\":{\"@type\":\"EntryPoint\",\"urlTemplate\":\"https:\\\/\\\/cval.fr\\\/?s={search_term_string}\"},\"query-input\":{\"@type\":\"PropertyValueSpecification\",\"valueRequired\":true,\"valueName\":\"search_term_string\"}}],\"inLanguage\":\"fr-FR\"}]}<\/script>\n<!-- \/ Yoast SEO plugin. -->","yoast_head_json":{"title":"R\u00e9union du CA CVAL pr\u00e9paration des budgets pour AG Saison 2025 - Club de Voile et Aviron de Laffrey","robots":{"index":"index","follow":"follow","max-snippet":"max-snippet:-1","max-image-preview":"max-image-preview:large","max-video-preview":"max-video-preview:-1"},"canonical":"https:\/\/cval.fr\/index.php\/event\/reunion-du-ca-cval-preparation-des-budgets-pour-ag-saison-2025\/","og_locale":"fr_FR","og_type":"article","og_title":"R\u00e9union du CA CVAL pr\u00e9paration des budgets pour AG Saison 2025 - Club de Voile et Aviron de Laffrey","og_description":"Pour rappel les membres de CA sont\u00a0 : R\u00e9jean, Fred, Christine, Gilles, r\u00e9gis, Hubert, Bruno, Nathalie, Emmanuelle, Julien, Vincent, Marie, Ang\u00e9lique, Jean-Michel. Ci-dessous l\u2019ordre du jour pour la r\u00e9union du ... Lire la suite","og_url":"https:\/\/cval.fr\/index.php\/event\/reunion-du-ca-cval-preparation-des-budgets-pour-ag-saison-2025\/","og_site_name":"Club de Voile et Aviron de Laffrey","article_modified_time":"2025-10-30T08:58:02+00:00","twitter_card":"summary_large_image","twitter_misc":{"Dur\u00e9e de lecture estim\u00e9e":"1 minute"},"schema":{"@context":"https:\/\/schema.org","@graph":[{"@type":"WebPage","@id":"https:\/\/cval.fr\/index.php\/event\/reunion-du-ca-cval-preparation-des-budgets-pour-ag-saison-2025\/","url":"https:\/\/cval.fr\/index.php\/event\/reunion-du-ca-cval-preparation-des-budgets-pour-ag-saison-2025\/","name":"R\u00e9union du CA CVAL pr\u00e9paration des budgets pour AG Saison 2025 - Club de Voile et Aviron de Laffrey","isPartOf":{"@id":"https:\/\/cval.fr\/#website"},"datePublished":"2025-10-04T17:09:15+00:00","dateModified":"2025-10-30T08:58:02+00:00","breadcrumb":{"@id":"https:\/\/cval.fr\/index.php\/event\/reunion-du-ca-cval-preparation-des-budgets-pour-ag-saison-2025\/#breadcrumb"},"inLanguage":"fr-FR","potentialAction":[{"@type":"ReadAction","target":["https:\/\/cval.fr\/index.php\/event\/reunion-du-ca-cval-preparation-des-budgets-pour-ag-saison-2025\/"]}]},{"@type":"BreadcrumbList","@id":"https:\/\/cval.fr\/index.php\/event\/reunion-du-ca-cval-preparation-des-budgets-pour-ag-saison-2025\/#breadcrumb","itemListElement":[{"@type":"ListItem","position":1,"name":"Accueil","item":"https:\/\/cval.fr\/"},{"@type":"ListItem","position":2,"name":"\u00c9v\u00e8nements","item":"https:\/\/cval.fr\/index.php\/events\/"},{"@type":"ListItem","position":3,"name":"R\u00e9union du CA CVAL pr\u00e9paration des budgets pour AG Saison 2025"}]},{"@type":"WebSite","@id":"https:\/\/cval.fr\/#website","url":"https:\/\/cval.fr\/","name":"Club de Voile et Aviron de Laffrey","description":"Un petit bateau dans la t\u00eate ....","potentialAction":[{"@type":"SearchAction","target":{"@type":"EntryPoint","urlTemplate":"https:\/\/cval.fr\/?s={search_term_string}"},"query-input":{"@type":"PropertyValueSpecification","valueRequired":true,"valueName":"search_term_string"}}],"inLanguage":"fr-FR"}]}},"_links":{"self":[{"href":"https:\/\/cval.fr\/index.php\/wp-json\/wp\/v2\/tribe_events\/620","targetHints":{"allow":["GET"]}}],"collection":[{"href":"https:\/\/cval.fr\/index.php\/wp-json\/wp\/v2\/tribe_events"}],"about":[{"href":"https:\/\/cval.fr\/index.php\/wp-json\/wp\/v2\/types\/tribe_events"}],"author":[{"embeddable":true,"href":"https:\/\/cval.fr\/index.php\/wp-json\/wp\/v2\/users\/17"}],"replies":[{"embeddable":true,"href":"https:\/\/cval.fr\/index.php\/wp-json\/wp\/v2\/comments?post=620"}],"version-history":[{"count":3,"href":"https:\/\/cval.fr\/index.php\/wp-json\/wp\/v2\/tribe_events\/620\/revisions"}],"predecessor-version":[{"id":629,"href":"https:\/\/cval.fr\/index.php\/wp-json\/wp\/v2\/tribe_events\/620\/revisions\/629"}],"wp:attachment":[{"href":"https:\/\/cval.fr\/index.php\/wp-json\/wp\/v2\/media?parent=620"}],"wp:term":[{"taxonomy":"post_tag","embeddable":true,"href":"https:\/\/cval.fr\/index.php\/wp-json\/wp\/v2\/tags?post=620"},{"taxonomy":"tribe_events_cat","embeddable":true,"href":"https:\/\/cval.fr\/index.php\/wp-json\/wp\/v2\/tribe_events_cat?post=620"}],"curies":[{"name":"wp","href":"https:\/\/api.w.org\/{rel}","templated":true}]}}

Réunion du CA CVAL préparation des budgets pour AG Saison 2025

<div dir="ltr">
<div dir="ltr">Pour rappel les membres de CA sont  : Réjean, Fred, Christine, Gilles, régis, Hubert, Bruno, Nathalie, Emmanuelle, Julien, Vincent, Marie, Angélique, Jean-Michel.</div>
<div dir="ltr"></div>
<div dir="ltr">
<div>
<p>Ci-dessous l’ordre du jour pour la réunion du CA</p>
<p>Bilan de saison :</p>
<ul>
<li>financier</li>
<li>humain</li>
<li>perspectives.</li>
</ul>
<p>Préparation de l’AG : Essentiellement le budget.</p>
<p>La réunion est prévue avant l’hivernage de la base qui se tient le même Jour</p>
</div>
</div>
</div>

<p>Pour rappel les membres de CA sont  : Réjean, Fred, Christine, Gilles, régis, Hubert, Bruno, Nathalie, Emmanuelle, Julien, Vincent, Marie, Angélique, Jean-Michel. Ci-dessous l’ordre du jour pour la réunion du &#8230; <a title="Réunion du CA CVAL préparation des budgets pour AG Saison 2025" class="read-more" href="https://cval.fr/index.php/event/reunion-du-ca-cval-preparation-des-budgets-pour-ag-saison-2025/" aria-label="En savoir plus sur Réunion du CA CVAL préparation des budgets pour AG Saison 2025">Lire la suite</a></p>

<!-- This site is optimized with the Yoast SEO plugin v27.4 - https://yoast.com/product/yoast-seo-wordpress/ -->
<title>Réunion du CA CVAL préparation des budgets pour AG Saison 2025 - Club de Voile et Aviron de Laffrey</title>
<meta name="robots" content="index, follow, max-snippet:-1, max-image-preview:large, max-video-preview:-1" />
<link rel="canonical" href="https://cval.fr/index.php/event/reunion-du-ca-cval-preparation-des-budgets-pour-ag-saison-2025/" />
<meta property="og:locale" content="fr_FR" />
<meta property="og:type" content="article" />
<meta property="og:title" content="Réunion du CA CVAL préparation des budgets pour AG Saison 2025 - Club de Voile et Aviron de Laffrey" />
<meta property="og:description" content="Pour rappel les membres de CA sont  : Réjean, Fred, Christine, Gilles, régis, Hubert, Bruno, Nathalie, Emmanuelle, Julien, Vincent, Marie, Angélique, Jean-Michel. Ci-dessous l’ordre du jour pour la réunion du ... Lire la suite" />
<meta property="og:url" content="https://cval.fr/index.php/event/reunion-du-ca-cval-preparation-des-budgets-pour-ag-saison-2025/" />
<meta property="og:site_name" content="Club de Voile et Aviron de Laffrey" />
<meta property="article:modified_time" content="2025-10-30T08:58:02+00:00" />
<meta name="twitter:card" content="summary_large_image" />
<meta name="twitter:label1" content="Durée de lecture estimée" />
	<meta name="twitter:data1" content="1 minute" />
<script type="application/ld+json" class="yoast-schema-graph">{"@context":"https:\/\/schema.org","@graph":[{"@type":"WebPage","@id":"https:\/\/cval.fr\/index.php\/event\/reunion-du-ca-cval-preparation-des-budgets-pour-ag-saison-2025\/","url":"https:\/\/cval.fr\/index.php\/event\/reunion-du-ca-cval-preparation-des-budgets-pour-ag-saison-2025\/","name":"Réunion du CA CVAL préparation des budgets pour AG Saison 2025 - Club de Voile et Aviron de Laffrey","isPartOf":{"@id":"https:\/\/cval.fr\/#website"},"datePublished":"2025-10-04T17:09:15+00:00","dateModified":"2025-10-30T08:58:02+00:00","breadcrumb":{"@id":"https:\/\/cval.fr\/index.php\/event\/reunion-du-ca-cval-preparation-des-budgets-pour-ag-saison-2025\/#breadcrumb"},"inLanguage":"fr-FR","potentialAction":[{"@type":"ReadAction","target":["https:\/\/cval.fr\/index.php\/event\/reunion-du-ca-cval-preparation-des-budgets-pour-ag-saison-2025\/"]}]},{"@type":"BreadcrumbList","@id":"https:\/\/cval.fr\/index.php\/event\/reunion-du-ca-cval-preparation-des-budgets-pour-ag-saison-2025\/#breadcrumb","itemListElement":[{"@type":"ListItem","position":1,"name":"Accueil","item":"https:\/\/cval.fr\/"},{"@type":"ListItem","position":2,"name":"Évènements","item":"https:\/\/cval.fr\/index.php\/events\/"},{"@type":"ListItem","position":3,"name":"Réunion du CA CVAL préparation des budgets pour AG Saison 2025"}]},{"@type":"WebSite","@id":"https:\/\/cval.fr\/#website","url":"https:\/\/cval.fr\/","name":"Club de Voile et Aviron de Laffrey","description":"Un petit bateau dans la tête ....","potentialAction":[{"@type":"SearchAction","target":{"@type":"EntryPoint","urlTemplate":"https:\/\/cval.fr\/?s={search_term_string}"},"query-input":{"@type":"PropertyValueSpecification","valueRequired":true,"valueName":"search_term_string"}}],"inLanguage":"fr-FR"}]}</script>
<!-- / Yoast SEO plugin. -->

Réunion du CA CVAL préparation des budgets pour AG Saison 2025 - Club de Voile et Aviron de Laffrey

Pour rappel les membres de CA sont  : Réjean, Fred, Christine, Gilles, régis, Hubert, Bruno, Nathalie, Emmanuelle, Julien, Vincent, Marie, Angélique, Jean-Michel. Ci-dessous l’ordre du jour pour la réunion du ... Lire la suite

Évènements

Un petit bateau dans la tête ....
