{"id":512,"date":"2025-02-15T10:01:33","date_gmt":"2025-02-15T10:01:33","guid":{"rendered":"https:\/\/cval.fr\/?post_type=tribe_events&#038;p=512"},"modified":"2025-02-15T10:10:41","modified_gmt":"2025-02-15T10:10:41","slug":"aviron-dimanche-matin-16-fevrier","status":"publish","type":"tribe_events","link":"https:\/\/cval.fr\/index.php\/event\/aviron-dimanche-matin-16-fevrier\/","title":{"rendered":"Aviron dimanche matin 16 f\u00e9vrier"},"content":{"rendered":"<p>Nous serons quelques-uns \u00e0 ramer ce dimanche matin 16 f\u00e9vrier et le RV est pr\u00e9vu \u00e0 10h:\u00a0 si certains parmi les adh\u00e9rents veulent se joindre \u00e0 nous ils seront les bienvenus; il faut \u00eatre \u00e0 l&#8217;heure si vous voulez que des bras vous aident \u00e0 sortir vos bateaux \ud83d\ude42<\/p>\n","protected":false},"excerpt":{"rendered":"<p>Nous serons quelques-uns \u00e0 ramer ce dimanche matin 16 f\u00e9vrier et le RV est pr\u00e9vu \u00e0 10h:\u00a0 si certains parmi les adh\u00e9rents veulent se joindre \u00e0 nous ils seront les &#8230; <a title=\"Aviron dimanche matin 16 f\u00e9vrier\" class=\"read-more\" href=\"https:\/\/cval.fr\/index.php\/event\/aviron-dimanche-matin-16-fevrier\/\" aria-label=\"En savoir plus sur Aviron dimanche matin 16 f\u00e9vrier\">Lire la suite<\/a><\/p>\n","protected":false},"author":5,"featured_media":0,"comment_status":"closed","ping_status":"closed","template":"","meta":{"_tribe_events_status":"","_tribe_events_status_reason":"","footnotes":""},"tags":[],"tribe_events_cat":[],"class_list":["post-512","tribe_events","type-tribe_events","status-publish","hentry"],"yoast_head":"<!-- This site is optimized with the Yoast SEO plugin v27.4 - https:\/\/yoast.com\/product\/yoast-seo-wordpress\/ -->\n<title>Aviron dimanche matin 16 f\u00e9vrier - Club de Voile et Aviron de Laffrey<\/title>\n<meta name=\"robots\" content=\"index, follow, max-snippet:-1, max-image-preview:large, max-video-preview:-1\" \/>\n<link rel=\"canonical\" href=\"https:\/\/cval.fr\/index.php\/event\/aviron-dimanche-matin-16-fevrier\/\" \/>\n<meta property=\"og:locale\" content=\"fr_FR\" \/>\n<meta property=\"og:type\" content=\"article\" \/>\n<meta property=\"og:title\" content=\"Aviron dimanche matin 16 f\u00e9vrier - Club de Voile et Aviron de Laffrey\" \/>\n<meta property=\"og:description\" content=\"Nous serons quelques-uns \u00e0 ramer ce dimanche matin 16 f\u00e9vrier et le RV est pr\u00e9vu \u00e0 10h:\u00a0 si certains parmi les adh\u00e9rents veulent se joindre \u00e0 nous ils seront les ... Lire la suite\" \/>\n<meta property=\"og:url\" content=\"https:\/\/cval.fr\/index.php\/event\/aviron-dimanche-matin-16-fevrier\/\" \/>\n<meta property=\"og:site_name\" content=\"Club de Voile et Aviron de Laffrey\" \/>\n<meta property=\"article:modified_time\" content=\"2025-02-15T10:10:41+00:00\" \/>\n<meta name=\"twitter:card\" content=\"summary_large_image\" \/>\n<meta name=\"twitter:label1\" content=\"Dur\u00e9e de lecture estim\u00e9e\" \/>\n\t<meta name=\"twitter:data1\" content=\"1 minute\" \/>\n<script type=\"application\/ld+json\" class=\"yoast-schema-graph\">{\"@context\":\"https:\\\/\\\/schema.org\",\"@graph\":[{\"@type\":\"WebPage\",\"@id\":\"https:\\\/\\\/cval.fr\\\/index.php\\\/event\\\/aviron-dimanche-matin-16-fevrier\\\/\",\"url\":\"https:\\\/\\\/cval.fr\\\/index.php\\\/event\\\/aviron-dimanche-matin-16-fevrier\\\/\",\"name\":\"Aviron dimanche matin 16 f\u00e9vrier - Club de Voile et Aviron de Laffrey\",\"isPartOf\":{\"@id\":\"https:\\\/\\\/cval.fr\\\/#website\"},\"datePublished\":\"2025-02-15T10:01:33+00:00\",\"dateModified\":\"2025-02-15T10:10:41+00:00\",\"breadcrumb\":{\"@id\":\"https:\\\/\\\/cval.fr\\\/index.php\\\/event\\\/aviron-dimanche-matin-16-fevrier\\\/#breadcrumb\"},\"inLanguage\":\"fr-FR\",\"potentialAction\":[{\"@type\":\"ReadAction\",\"target\":[\"https:\\\/\\\/cval.fr\\\/index.php\\\/event\\\/aviron-dimanche-matin-16-fevrier\\\/\"]}]},{\"@type\":\"BreadcrumbList\",\"@id\":\"https:\\\/\\\/cval.fr\\\/index.php\\\/event\\\/aviron-dimanche-matin-16-fevrier\\\/#breadcrumb\",\"itemListElement\":[{\"@type\":\"ListItem\",\"position\":1,\"name\":\"Accueil\",\"item\":\"https:\\\/\\\/cval.fr\\\/\"},{\"@type\":\"ListItem\",\"position\":2,\"name\":\"\u00c9v\u00e8nements\",\"item\":\"https:\\\/\\\/cval.fr\\\/index.php\\\/events\\\/\"},{\"@type\":\"ListItem\",\"position\":3,\"name\":\"Aviron dimanche matin 16 f\u00e9vrier\"}]},{\"@type\":\"WebSite\",\"@id\":\"https:\\\/\\\/cval.fr\\\/#website\",\"url\":\"https:\\\/\\\/cval.fr\\\/\",\"name\":\"Club de Voile et Aviron de Laffrey\",\"description\":\"Un petit bateau dans la t\u00eate ....\",\"potentialAction\":[{\"@type\":\"SearchAction\",\"target\":{\"@type\":\"EntryPoint\",\"urlTemplate\":\"https:\\\/\\\/cval.fr\\\/?s={search_term_string}\"},\"query-input\":{\"@type\":\"PropertyValueSpecification\",\"valueRequired\":true,\"valueName\":\"search_term_string\"}}],\"inLanguage\":\"fr-FR\"}]}<\/script>\n<!-- \/ Yoast SEO plugin. -->","yoast_head_json":{"title":"Aviron dimanche matin 16 f\u00e9vrier - Club de Voile et Aviron de Laffrey","robots":{"index":"index","follow":"follow","max-snippet":"max-snippet:-1","max-image-preview":"max-image-preview:large","max-video-preview":"max-video-preview:-1"},"canonical":"https:\/\/cval.fr\/index.php\/event\/aviron-dimanche-matin-16-fevrier\/","og_locale":"fr_FR","og_type":"article","og_title":"Aviron dimanche matin 16 f\u00e9vrier - Club de Voile et Aviron de Laffrey","og_description":"Nous serons quelques-uns \u00e0 ramer ce dimanche matin 16 f\u00e9vrier et le RV est pr\u00e9vu \u00e0 10h:\u00a0 si certains parmi les adh\u00e9rents veulent se joindre \u00e0 nous ils seront les ... Lire la suite","og_url":"https:\/\/cval.fr\/index.php\/event\/aviron-dimanche-matin-16-fevrier\/","og_site_name":"Club de Voile et Aviron de Laffrey","article_modified_time":"2025-02-15T10:10:41+00:00","twitter_card":"summary_large_image","twitter_misc":{"Dur\u00e9e de lecture estim\u00e9e":"1 minute"},"schema":{"@context":"https:\/\/schema.org","@graph":[{"@type":"WebPage","@id":"https:\/\/cval.fr\/index.php\/event\/aviron-dimanche-matin-16-fevrier\/","url":"https:\/\/cval.fr\/index.php\/event\/aviron-dimanche-matin-16-fevrier\/","name":"Aviron dimanche matin 16 f\u00e9vrier - Club de Voile et Aviron de Laffrey","isPartOf":{"@id":"https:\/\/cval.fr\/#website"},"datePublished":"2025-02-15T10:01:33+00:00","dateModified":"2025-02-15T10:10:41+00:00","breadcrumb":{"@id":"https:\/\/cval.fr\/index.php\/event\/aviron-dimanche-matin-16-fevrier\/#breadcrumb"},"inLanguage":"fr-FR","potentialAction":[{"@type":"ReadAction","target":["https:\/\/cval.fr\/index.php\/event\/aviron-dimanche-matin-16-fevrier\/"]}]},{"@type":"BreadcrumbList","@id":"https:\/\/cval.fr\/index.php\/event\/aviron-dimanche-matin-16-fevrier\/#breadcrumb","itemListElement":[{"@type":"ListItem","position":1,"name":"Accueil","item":"https:\/\/cval.fr\/"},{"@type":"ListItem","position":2,"name":"\u00c9v\u00e8nements","item":"https:\/\/cval.fr\/index.php\/events\/"},{"@type":"ListItem","position":3,"name":"Aviron dimanche matin 16 f\u00e9vrier"}]},{"@type":"WebSite","@id":"https:\/\/cval.fr\/#website","url":"https:\/\/cval.fr\/","name":"Club de Voile et Aviron de Laffrey","description":"Un petit bateau dans la t\u00eate ....","potentialAction":[{"@type":"SearchAction","target":{"@type":"EntryPoint","urlTemplate":"https:\/\/cval.fr\/?s={search_term_string}"},"query-input":{"@type":"PropertyValueSpecification","valueRequired":true,"valueName":"search_term_string"}}],"inLanguage":"fr-FR"}]}},"_links":{"self":[{"href":"https:\/\/cval.fr\/index.php\/wp-json\/wp\/v2\/tribe_events\/512","targetHints":{"allow":["GET"]}}],"collection":[{"href":"https:\/\/cval.fr\/index.php\/wp-json\/wp\/v2\/tribe_events"}],"about":[{"href":"https:\/\/cval.fr\/index.php\/wp-json\/wp\/v2\/types\/tribe_events"}],"author":[{"embeddable":true,"href":"https:\/\/cval.fr\/index.php\/wp-json\/wp\/v2\/users\/5"}],"replies":[{"embeddable":true,"href":"https:\/\/cval.fr\/index.php\/wp-json\/wp\/v2\/comments?post=512"}],"version-history":[{"count":1,"href":"https:\/\/cval.fr\/index.php\/wp-json\/wp\/v2\/tribe_events\/512\/revisions"}],"predecessor-version":[{"id":513,"href":"https:\/\/cval.fr\/index.php\/wp-json\/wp\/v2\/tribe_events\/512\/revisions\/513"}],"wp:attachment":[{"href":"https:\/\/cval.fr\/index.php\/wp-json\/wp\/v2\/media?parent=512"}],"wp:term":[{"taxonomy":"post_tag","embeddable":true,"href":"https:\/\/cval.fr\/index.php\/wp-json\/wp\/v2\/tags?post=512"},{"taxonomy":"tribe_events_cat","embeddable":true,"href":"https:\/\/cval.fr\/index.php\/wp-json\/wp\/v2\/tribe_events_cat?post=512"}],"curies":[{"name":"wp","href":"https:\/\/api.w.org\/{rel}","templated":true}]}}

Aviron dimanche matin 16 février

<p>Nous serons quelques-uns à ramer ce dimanche matin 16 février et le RV est prévu à 10h:  si certains parmi les adhérents veulent se joindre à nous ils seront les bienvenus; il faut être à l&#8217;heure si vous voulez que des bras vous aident à sortir vos bateaux 🙂</p>

<p>Nous serons quelques-uns à ramer ce dimanche matin 16 février et le RV est prévu à 10h:  si certains parmi les adhérents veulent se joindre à nous ils seront les &#8230; <a title="Aviron dimanche matin 16 février" class="read-more" href="https://cval.fr/index.php/event/aviron-dimanche-matin-16-fevrier/" aria-label="En savoir plus sur Aviron dimanche matin 16 février">Lire la suite</a></p>

<!-- This site is optimized with the Yoast SEO plugin v27.4 - https://yoast.com/product/yoast-seo-wordpress/ -->
<title>Aviron dimanche matin 16 février - Club de Voile et Aviron de Laffrey</title>
<meta name="robots" content="index, follow, max-snippet:-1, max-image-preview:large, max-video-preview:-1" />
<link rel="canonical" href="https://cval.fr/index.php/event/aviron-dimanche-matin-16-fevrier/" />
<meta property="og:locale" content="fr_FR" />
<meta property="og:type" content="article" />
<meta property="og:title" content="Aviron dimanche matin 16 février - Club de Voile et Aviron de Laffrey" />
<meta property="og:description" content="Nous serons quelques-uns à ramer ce dimanche matin 16 février et le RV est prévu à 10h:  si certains parmi les adhérents veulent se joindre à nous ils seront les ... Lire la suite" />
<meta property="og:url" content="https://cval.fr/index.php/event/aviron-dimanche-matin-16-fevrier/" />
<meta property="og:site_name" content="Club de Voile et Aviron de Laffrey" />
<meta property="article:modified_time" content="2025-02-15T10:10:41+00:00" />
<meta name="twitter:card" content="summary_large_image" />
<meta name="twitter:label1" content="Durée de lecture estimée" />
	<meta name="twitter:data1" content="1 minute" />
<script type="application/ld+json" class="yoast-schema-graph">{"@context":"https:\/\/schema.org","@graph":[{"@type":"WebPage","@id":"https:\/\/cval.fr\/index.php\/event\/aviron-dimanche-matin-16-fevrier\/","url":"https:\/\/cval.fr\/index.php\/event\/aviron-dimanche-matin-16-fevrier\/","name":"Aviron dimanche matin 16 février - Club de Voile et Aviron de Laffrey","isPartOf":{"@id":"https:\/\/cval.fr\/#website"},"datePublished":"2025-02-15T10:01:33+00:00","dateModified":"2025-02-15T10:10:41+00:00","breadcrumb":{"@id":"https:\/\/cval.fr\/index.php\/event\/aviron-dimanche-matin-16-fevrier\/#breadcrumb"},"inLanguage":"fr-FR","potentialAction":[{"@type":"ReadAction","target":["https:\/\/cval.fr\/index.php\/event\/aviron-dimanche-matin-16-fevrier\/"]}]},{"@type":"BreadcrumbList","@id":"https:\/\/cval.fr\/index.php\/event\/aviron-dimanche-matin-16-fevrier\/#breadcrumb","itemListElement":[{"@type":"ListItem","position":1,"name":"Accueil","item":"https:\/\/cval.fr\/"},{"@type":"ListItem","position":2,"name":"Évènements","item":"https:\/\/cval.fr\/index.php\/events\/"},{"@type":"ListItem","position":3,"name":"Aviron dimanche matin 16 février"}]},{"@type":"WebSite","@id":"https:\/\/cval.fr\/#website","url":"https:\/\/cval.fr\/","name":"Club de Voile et Aviron de Laffrey","description":"Un petit bateau dans la tête ....","potentialAction":[{"@type":"SearchAction","target":{"@type":"EntryPoint","urlTemplate":"https:\/\/cval.fr\/?s={search_term_string}"},"query-input":{"@type":"PropertyValueSpecification","valueRequired":true,"valueName":"search_term_string"}}],"inLanguage":"fr-FR"}]}</script>
<!-- / Yoast SEO plugin. -->

Aviron dimanche matin 16 février - Club de Voile et Aviron de Laffrey

Nous serons quelques-uns à ramer ce dimanche matin 16 février et le RV est prévu à 10h:  si certains parmi les adhérents veulent se joindre à nous ils seront les ... Lire la suite

Évènements

Un petit bateau dans la tête ....
