{"id":204,"date":"2024-03-03T16:06:45","date_gmt":"2024-03-03T16:06:45","guid":{"rendered":"https:\/\/cval.fr\/?page_id=204"},"modified":"2024-05-17T09:54:07","modified_gmt":"2024-05-17T09:54:07","slug":"news","status":"publish","type":"page","link":"https:\/\/cval.fr\/index.php\/news\/","title":{"rendered":"News"},"content":{"rendered":"\n<p>Et voici les derni\u00e8res News.<\/p>\n\n\n\n<p>Certaines ne sont accessibles que pour les abonn\u00e9s (membres du Club). Afin d&#8217;acc\u00e9der \u00e0 l&#8217;ensemble du contenu merci de te connecter au pr\u00e9alable.<\/p>\n\n\n<ul class=\"wp-block-latest-posts__list has-dates wp-block-latest-posts\"><li><a class=\"wp-block-latest-posts__post-title\" href=\"https:\/\/cval.fr\/index.php\/2025\/12\/09\/assemblee-generale-ordinaire-2025\/\">Assembl\u00e9e G\u00e9n\u00e9rale Ordinaire 2025<\/a><time datetime=\"2025-12-09T18:50:53+01:00\" class=\"wp-block-latest-posts__post-date\">9 d\u00e9cembre 2025<\/time><\/li>\n<li><a class=\"wp-block-latest-posts__post-title\" href=\"https:\/\/cval.fr\/index.php\/2025\/10\/31\/plus-on-est-nombreux-plus-on-rib-au-club\/\">Plus on est nombreux plus on RIB au Club&#8230;<\/a><time datetime=\"2025-10-31T14:36:17+01:00\" class=\"wp-block-latest-posts__post-date\">31 octobre 2025<\/time><\/li>\n<li><a class=\"wp-block-latest-posts__post-title\" href=\"https:\/\/cval.fr\/index.php\/2025\/06\/27\/la-route-du-code-mais-le-code-de-la-route\/\">La route du Code sans le Code de la route<\/a><time datetime=\"2025-06-27T16:26:02+01:00\" class=\"wp-block-latest-posts__post-date\">27 juin 2025<\/time><\/li>\n<li><a class=\"wp-block-latest-posts__post-title\" href=\"https:\/\/cval.fr\/index.php\/2025\/04\/23\/ouverture-de-la-base-ce-samedi-26-avril-10h00\/\">Ouverture de la Base ce Samedi 26 Avril 10h00<\/a><time datetime=\"2025-04-23T10:35:26+01:00\" class=\"wp-block-latest-posts__post-date\">23 avril 2025<\/time><\/li>\n<li><a class=\"wp-block-latest-posts__post-title\" href=\"https:\/\/cval.fr\/index.php\/2025\/02\/02\/la-saison-2025-de-prime-abord\/\">La saison 2025 ..de prime abord !<\/a><time datetime=\"2025-02-02T16:15:26+01:00\" class=\"wp-block-latest-posts__post-date\">2 f\u00e9vrier 2025<\/time><\/li>\n<li><a class=\"wp-block-latest-posts__post-title\" href=\"https:\/\/cval.fr\/index.php\/2024\/12\/24\/joyeuses-fetes-2024\/\">Joyeuses F\u00eates 2024 !<\/a><time datetime=\"2024-12-24T14:49:12+01:00\" class=\"wp-block-latest-posts__post-date\">24 d\u00e9cembre 2024<\/time><\/li>\n<li><a class=\"wp-block-latest-posts__post-title\" href=\"https:\/\/cval.fr\/index.php\/2024\/12\/24\/assemblee-generale-fin-de-saison-2024\/\">Assembl\u00e9e G\u00e9n\u00e9rale fin de Saison 2024<\/a><time datetime=\"2024-12-24T14:23:35+01:00\" class=\"wp-block-latest-posts__post-date\">24 d\u00e9cembre 2024<\/time><\/li>\n<li><a class=\"wp-block-latest-posts__post-title\" href=\"https:\/\/cval.fr\/index.php\/2024\/11\/30\/hivernage-saison-2024\/\">Hivernage Saison 2024<\/a><time datetime=\"2024-11-30T16:12:53+01:00\" class=\"wp-block-latest-posts__post-date\">30 novembre 2024<\/time><\/li>\n<li><a class=\"wp-block-latest-posts__post-title\" href=\"https:\/\/cval.fr\/index.php\/2024\/07\/01\/annulation-de-la-randonnee-monteynard-du-7-juillet-2024\/\">Annulation de la randonn\u00e9e Monteynard du 7 juillet 2024<\/a><time datetime=\"2024-07-01T20:18:44+01:00\" class=\"wp-block-latest-posts__post-date\">1 juillet 2024<\/time><\/li>\n<li><a class=\"wp-block-latest-posts__post-title\" href=\"https:\/\/cval.fr\/index.php\/2024\/06\/17\/mireve-nest-plus-a-la-derive\/\">Mireve n&#8217;est plus \u00e0 la d\u00e9rive&#8230;<\/a><time datetime=\"2024-06-17T06:32:36+01:00\" class=\"wp-block-latest-posts__post-date\">17 juin 2024<\/time><\/li>\n<\/ul>","protected":false},"excerpt":{"rendered":"<p>Et voici les derni\u00e8res News. Certaines ne sont accessibles que pour les abonn\u00e9s (membres du Club). Afin d&#8217;acc\u00e9der \u00e0 l&#8217;ensemble du contenu merci de te connecter au pr\u00e9alable.<\/p>\n","protected":false},"author":1,"featured_media":0,"parent":0,"menu_order":0,"comment_status":"closed","ping_status":"closed","template":"","meta":{"footnotes":""},"class_list":["post-204","page","type-page","status-publish"],"yoast_head":"<!-- This site is optimized with the Yoast SEO plugin v27.4 - https:\/\/yoast.com\/product\/yoast-seo-wordpress\/ -->\n<title>News - Club de Voile et Aviron de Laffrey<\/title>\n<meta name=\"robots\" content=\"index, follow, max-snippet:-1, max-image-preview:large, max-video-preview:-1\" \/>\n<link rel=\"canonical\" href=\"https:\/\/cval.fr\/index.php\/news\/\" \/>\n<meta property=\"og:locale\" content=\"fr_FR\" \/>\n<meta property=\"og:type\" content=\"article\" \/>\n<meta property=\"og:title\" content=\"News - Club de Voile et Aviron de Laffrey\" \/>\n<meta property=\"og:description\" content=\"Et voici les derni\u00e8res News. Certaines ne sont accessibles que pour les abonn\u00e9s (membres du Club). Afin d&#8217;acc\u00e9der \u00e0 l&#8217;ensemble du contenu merci de te connecter au pr\u00e9alable.\" \/>\n<meta property=\"og:url\" content=\"https:\/\/cval.fr\/index.php\/news\/\" \/>\n<meta property=\"og:site_name\" content=\"Club de Voile et Aviron de Laffrey\" \/>\n<meta property=\"article:modified_time\" content=\"2024-05-17T09:54:07+00:00\" \/>\n<meta name=\"twitter:card\" content=\"summary_large_image\" \/>\n<meta name=\"twitter:label1\" content=\"Dur\u00e9e de lecture estim\u00e9e\" \/>\n\t<meta name=\"twitter:data1\" content=\"1 minute\" \/>\n<script type=\"application\/ld+json\" class=\"yoast-schema-graph\">{\"@context\":\"https:\\\/\\\/schema.org\",\"@graph\":[{\"@type\":\"WebPage\",\"@id\":\"https:\\\/\\\/cval.fr\\\/index.php\\\/news\\\/\",\"url\":\"https:\\\/\\\/cval.fr\\\/index.php\\\/news\\\/\",\"name\":\"News - Club de Voile et Aviron de Laffrey\",\"isPartOf\":{\"@id\":\"https:\\\/\\\/cval.fr\\\/#website\"},\"datePublished\":\"2024-03-03T16:06:45+00:00\",\"dateModified\":\"2024-05-17T09:54:07+00:00\",\"breadcrumb\":{\"@id\":\"https:\\\/\\\/cval.fr\\\/index.php\\\/news\\\/#breadcrumb\"},\"inLanguage\":\"fr-FR\",\"potentialAction\":[{\"@type\":\"ReadAction\",\"target\":[\"https:\\\/\\\/cval.fr\\\/index.php\\\/news\\\/\"]}]},{\"@type\":\"BreadcrumbList\",\"@id\":\"https:\\\/\\\/cval.fr\\\/index.php\\\/news\\\/#breadcrumb\",\"itemListElement\":[{\"@type\":\"ListItem\",\"position\":1,\"name\":\"Accueil\",\"item\":\"https:\\\/\\\/cval.fr\\\/\"},{\"@type\":\"ListItem\",\"position\":2,\"name\":\"News\"}]},{\"@type\":\"WebSite\",\"@id\":\"https:\\\/\\\/cval.fr\\\/#website\",\"url\":\"https:\\\/\\\/cval.fr\\\/\",\"name\":\"Club de Voile et Aviron de Laffrey\",\"description\":\"Un petit bateau dans la t\u00eate ....\",\"potentialAction\":[{\"@type\":\"SearchAction\",\"target\":{\"@type\":\"EntryPoint\",\"urlTemplate\":\"https:\\\/\\\/cval.fr\\\/?s={search_term_string}\"},\"query-input\":{\"@type\":\"PropertyValueSpecification\",\"valueRequired\":true,\"valueName\":\"search_term_string\"}}],\"inLanguage\":\"fr-FR\"}]}<\/script>\n<!-- \/ Yoast SEO plugin. -->","yoast_head_json":{"title":"News - Club de Voile et Aviron de Laffrey","robots":{"index":"index","follow":"follow","max-snippet":"max-snippet:-1","max-image-preview":"max-image-preview:large","max-video-preview":"max-video-preview:-1"},"canonical":"https:\/\/cval.fr\/index.php\/news\/","og_locale":"fr_FR","og_type":"article","og_title":"News - Club de Voile et Aviron de Laffrey","og_description":"Et voici les derni\u00e8res News. Certaines ne sont accessibles que pour les abonn\u00e9s (membres du Club). Afin d&#8217;acc\u00e9der \u00e0 l&#8217;ensemble du contenu merci de te connecter au pr\u00e9alable.","og_url":"https:\/\/cval.fr\/index.php\/news\/","og_site_name":"Club de Voile et Aviron de Laffrey","article_modified_time":"2024-05-17T09:54:07+00:00","twitter_card":"summary_large_image","twitter_misc":{"Dur\u00e9e de lecture estim\u00e9e":"1 minute"},"schema":{"@context":"https:\/\/schema.org","@graph":[{"@type":"WebPage","@id":"https:\/\/cval.fr\/index.php\/news\/","url":"https:\/\/cval.fr\/index.php\/news\/","name":"News - Club de Voile et Aviron de Laffrey","isPartOf":{"@id":"https:\/\/cval.fr\/#website"},"datePublished":"2024-03-03T16:06:45+00:00","dateModified":"2024-05-17T09:54:07+00:00","breadcrumb":{"@id":"https:\/\/cval.fr\/index.php\/news\/#breadcrumb"},"inLanguage":"fr-FR","potentialAction":[{"@type":"ReadAction","target":["https:\/\/cval.fr\/index.php\/news\/"]}]},{"@type":"BreadcrumbList","@id":"https:\/\/cval.fr\/index.php\/news\/#breadcrumb","itemListElement":[{"@type":"ListItem","position":1,"name":"Accueil","item":"https:\/\/cval.fr\/"},{"@type":"ListItem","position":2,"name":"News"}]},{"@type":"WebSite","@id":"https:\/\/cval.fr\/#website","url":"https:\/\/cval.fr\/","name":"Club de Voile et Aviron de Laffrey","description":"Un petit bateau dans la t\u00eate ....","potentialAction":[{"@type":"SearchAction","target":{"@type":"EntryPoint","urlTemplate":"https:\/\/cval.fr\/?s={search_term_string}"},"query-input":{"@type":"PropertyValueSpecification","valueRequired":true,"valueName":"search_term_string"}}],"inLanguage":"fr-FR"}]}},"_links":{"self":[{"href":"https:\/\/cval.fr\/index.php\/wp-json\/wp\/v2\/pages\/204","targetHints":{"allow":["GET"]}}],"collection":[{"href":"https:\/\/cval.fr\/index.php\/wp-json\/wp\/v2\/pages"}],"about":[{"href":"https:\/\/cval.fr\/index.php\/wp-json\/wp\/v2\/types\/page"}],"author":[{"embeddable":true,"href":"https:\/\/cval.fr\/index.php\/wp-json\/wp\/v2\/users\/1"}],"replies":[{"embeddable":true,"href":"https:\/\/cval.fr\/index.php\/wp-json\/wp\/v2\/comments?post=204"}],"version-history":[{"count":2,"href":"https:\/\/cval.fr\/index.php\/wp-json\/wp\/v2\/pages\/204\/revisions"}],"predecessor-version":[{"id":358,"href":"https:\/\/cval.fr\/index.php\/wp-json\/wp\/v2\/pages\/204\/revisions\/358"}],"wp:attachment":[{"href":"https:\/\/cval.fr\/index.php\/wp-json\/wp\/v2\/media?parent=204"}],"curies":[{"name":"wp","href":"https:\/\/api.w.org\/{rel}","templated":true}]}}